{"id":319,"date":"2022-06-23T10:06:04","date_gmt":"2022-06-23T10:06:04","guid":{"rendered":"https:\/\/topmegaline.pl\/?page_id=319"},"modified":"2024-05-28T11:34:52","modified_gmt":"2024-05-28T11:34:52","slug":"nasze-produkty","status":"publish","type":"page","link":"https:\/\/topmegaline.pl\/index.php\/nasze-produkty\/","title":{"rendered":"Nasze produkty"},"content":{"rendered":"\n<div class=\"wp-block-columns is-layout-flex wp-container-core-columns-is-layout-9d6595d7 wp-block-columns-is-layout-flex\">\n<div class=\"wp-block-column is-layout-flow wp-block-column-is-layout-flow\">\n<figure class=\"wp-block-image size-full is-style-rounded\"><a href=\"https:\/\/topmegaline.pl\/wp-content\/uploads\/2022\/06\/floor-opis1.jpg\"><img loading=\"lazy\" decoding=\"async\" width=\"947\" height=\"947\" src=\"https:\/\/topmegaline.pl\/wp-content\/uploads\/2022\/06\/floor-reklama1.jpg\" alt=\"\" class=\"wp-image-215\" srcset=\"https:\/\/topmegaline.pl\/wp-content\/uploads\/2022\/06\/floor-reklama1.jpg 947w, https:\/\/topmegaline.pl\/wp-content\/uploads\/2022\/06\/floor-reklama1-300x300.jpg 300w, https:\/\/topmegaline.pl\/wp-content\/uploads\/2022\/06\/floor-reklama1-150x150.jpg 150w, https:\/\/topmegaline.pl\/wp-content\/uploads\/2022\/06\/floor-reklama1-768x768.jpg 768w, https:\/\/topmegaline.pl\/wp-content\/uploads\/2022\/06\/floor-reklama1-100x100.jpg 100w\" sizes=\"auto, (max-width: 767px) 89vw, (max-width: 1000px) 54vw, (max-width: 1071px) 543px, 580px\" \/><\/a><\/figure>\n<\/div>\n\n\n\n<div class=\"wp-block-column is-layout-flow wp-block-column-is-layout-flow\">\n<figure class=\"wp-block-image size-full is-style-rounded\"><a href=\"https:\/\/topmegaline.pl\/wp-content\/uploads\/2024\/05\/Floor-5-opis.jpg\"><img loading=\"lazy\" decoding=\"async\" width=\"946\" height=\"946\" src=\"https:\/\/topmegaline.pl\/wp-content\/uploads\/2024\/05\/Floor-5-reklama.jpg\" alt=\"\" class=\"wp-image-418\" srcset=\"https:\/\/topmegaline.pl\/wp-content\/uploads\/2024\/05\/Floor-5-reklama.jpg 946w, https:\/\/topmegaline.pl\/wp-content\/uploads\/2024\/05\/Floor-5-reklama-300x300.jpg 300w, https:\/\/topmegaline.pl\/wp-content\/uploads\/2024\/05\/Floor-5-reklama-150x150.jpg 150w, https:\/\/topmegaline.pl\/wp-content\/uploads\/2024\/05\/Floor-5-reklama-768x768.jpg 768w, https:\/\/topmegaline.pl\/wp-content\/uploads\/2024\/05\/Floor-5-reklama-100x100.jpg 100w\" sizes=\"auto, (max-width: 767px) 89vw, (max-width: 1000px) 54vw, (max-width: 1071px) 543px, 580px\" \/><\/a><\/figure>\n<\/div>\n<\/div>\n\n\n\n<div class=\"wp-block-columns is-layout-flex wp-container-core-columns-is-layout-9d6595d7 wp-block-columns-is-layout-flex\">\n<div class=\"wp-block-column is-layout-flow wp-block-column-is-layout-flow\">\n<figure class=\"wp-block-image size-full is-style-rounded\"><a href=\"https:\/\/topmegaline.pl\/wp-content\/uploads\/2024\/05\/Robot-opis.jpg\"><img loading=\"lazy\" decoding=\"async\" width=\"946\" height=\"946\" src=\"https:\/\/topmegaline.pl\/wp-content\/uploads\/2024\/05\/Robot-reklama.jpg\" alt=\"\" class=\"wp-image-422\" srcset=\"https:\/\/topmegaline.pl\/wp-content\/uploads\/2024\/05\/Robot-reklama.jpg 946w, https:\/\/topmegaline.pl\/wp-content\/uploads\/2024\/05\/Robot-reklama-300x300.jpg 300w, https:\/\/topmegaline.pl\/wp-content\/uploads\/2024\/05\/Robot-reklama-150x150.jpg 150w, https:\/\/topmegaline.pl\/wp-content\/uploads\/2024\/05\/Robot-reklama-768x768.jpg 768w, https:\/\/topmegaline.pl\/wp-content\/uploads\/2024\/05\/Robot-reklama-100x100.jpg 100w\" sizes=\"auto, (max-width: 767px) 89vw, (max-width: 1000px) 54vw, (max-width: 1071px) 543px, 580px\" \/><\/a><\/figure>\n<\/div>\n\n\n\n<div class=\"wp-block-column is-layout-flow wp-block-column-is-layout-flow\">\n<figure class=\"wp-block-image size-full is-style-rounded\"><a href=\"https:\/\/topmegaline.pl\/wp-content\/uploads\/2022\/06\/clean-opis1.jpg\"><img loading=\"lazy\" decoding=\"async\" width=\"947\" height=\"947\" src=\"https:\/\/topmegaline.pl\/wp-content\/uploads\/2022\/06\/clean-reklama1.jpg\" alt=\"\" class=\"wp-image-218\" srcset=\"https:\/\/topmegaline.pl\/wp-content\/uploads\/2022\/06\/clean-reklama1.jpg 947w, https:\/\/topmegaline.pl\/wp-content\/uploads\/2022\/06\/clean-reklama1-300x300.jpg 300w, https:\/\/topmegaline.pl\/wp-content\/uploads\/2022\/06\/clean-reklama1-150x150.jpg 150w, https:\/\/topmegaline.pl\/wp-content\/uploads\/2022\/06\/clean-reklama1-768x768.jpg 768w, https:\/\/topmegaline.pl\/wp-content\/uploads\/2022\/06\/clean-reklama1-100x100.jpg 100w\" sizes=\"auto, (max-width: 767px) 89vw, (max-width: 1000px) 54vw, (max-width: 1071px) 543px, 580px\" \/><\/a><\/figure>\n<\/div>\n<\/div>\n\n\n\n<div class=\"wp-block-columns is-layout-flex wp-container-core-columns-is-layout-9d6595d7 wp-block-columns-is-layout-flex\">\n<div class=\"wp-block-column is-layout-flow wp-block-column-is-layout-flow\">\n<figure class=\"wp-block-image size-full is-style-rounded\"><a href=\"https:\/\/topmegaline.pl\/wp-content\/uploads\/2022\/06\/sani-opis1.jpg\"><img loading=\"lazy\" decoding=\"async\" width=\"947\" height=\"947\" src=\"https:\/\/topmegaline.pl\/wp-content\/uploads\/2022\/06\/sani-reklama1.jpg\" alt=\"\" class=\"wp-image-221\" srcset=\"https:\/\/topmegaline.pl\/wp-content\/uploads\/2022\/06\/sani-reklama1.jpg 947w, https:\/\/topmegaline.pl\/wp-content\/uploads\/2022\/06\/sani-reklama1-300x300.jpg 300w, https:\/\/topmegaline.pl\/wp-content\/uploads\/2022\/06\/sani-reklama1-150x150.jpg 150w, https:\/\/topmegaline.pl\/wp-content\/uploads\/2022\/06\/sani-reklama1-768x768.jpg 768w, https:\/\/topmegaline.pl\/wp-content\/uploads\/2022\/06\/sani-reklama1-100x100.jpg 100w\" sizes=\"auto, (max-width: 767px) 89vw, (max-width: 1000px) 54vw, (max-width: 1071px) 543px, 580px\" \/><\/a><\/figure>\n<\/div>\n\n\n\n<div class=\"wp-block-column is-layout-flow wp-block-column-is-layout-flow\">\n<figure class=\"wp-block-image size-full is-style-rounded\"><a href=\"https:\/\/topmegaline.pl\/wp-content\/uploads\/2022\/06\/glass-opis1.jpg\"><img loading=\"lazy\" decoding=\"async\" width=\"947\" height=\"947\" src=\"https:\/\/topmegaline.pl\/wp-content\/uploads\/2022\/06\/glass-reklama1.jpg\" alt=\"\" class=\"wp-image-224\" srcset=\"https:\/\/topmegaline.pl\/wp-content\/uploads\/2022\/06\/glass-reklama1.jpg 947w, https:\/\/topmegaline.pl\/wp-content\/uploads\/2022\/06\/glass-reklama1-300x300.jpg 300w, https:\/\/topmegaline.pl\/wp-content\/uploads\/2022\/06\/glass-reklama1-150x150.jpg 150w, https:\/\/topmegaline.pl\/wp-content\/uploads\/2022\/06\/glass-reklama1-768x768.jpg 768w, https:\/\/topmegaline.pl\/wp-content\/uploads\/2022\/06\/glass-reklama1-100x100.jpg 100w\" sizes=\"auto, (max-width: 767px) 89vw, (max-width: 1000px) 54vw, (max-width: 1071px) 543px, 580px\" \/><\/a><\/figure>\n<\/div>\n<\/div>\n\n\n\n<div class=\"wp-block-columns is-layout-flex wp-container-core-columns-is-layout-9d6595d7 wp-block-columns-is-layout-flex\">\n<div class=\"wp-block-column is-layout-flow wp-block-column-is-layout-flow\">\n<figure class=\"wp-block-image size-full is-style-rounded\"><a href=\"https:\/\/topmegaline.pl\/wp-content\/uploads\/2023\/08\/oli-opis2.jpg\"><img loading=\"lazy\" decoding=\"async\" width=\"947\" height=\"947\" src=\"https:\/\/topmegaline.pl\/wp-content\/uploads\/2023\/08\/oil-reklama2-1.jpg\" alt=\"\" class=\"wp-image-387\" srcset=\"https:\/\/topmegaline.pl\/wp-content\/uploads\/2023\/08\/oil-reklama2-1.jpg 947w, https:\/\/topmegaline.pl\/wp-content\/uploads\/2023\/08\/oil-reklama2-1-300x300.jpg 300w, https:\/\/topmegaline.pl\/wp-content\/uploads\/2023\/08\/oil-reklama2-1-150x150.jpg 150w, https:\/\/topmegaline.pl\/wp-content\/uploads\/2023\/08\/oil-reklama2-1-768x768.jpg 768w, https:\/\/topmegaline.pl\/wp-content\/uploads\/2023\/08\/oil-reklama2-1-100x100.jpg 100w\" sizes=\"auto, (max-width: 767px) 89vw, (max-width: 1000px) 54vw, (max-width: 1071px) 543px, 580px\" \/><\/a><\/figure>\n<\/div>\n\n\n\n<div class=\"wp-block-column is-layout-flow wp-block-column-is-layout-flow\">\n<figure class=\"wp-block-image size-full is-style-rounded\"><a href=\"https:\/\/topmegaline.pl\/wp-content\/uploads\/2024\/05\/oil-5-opis.jpg\"><img loading=\"lazy\" decoding=\"async\" width=\"946\" height=\"946\" src=\"https:\/\/topmegaline.pl\/wp-content\/uploads\/2024\/05\/oil-5-reklama.jpg\" alt=\"\" class=\"wp-image-420\" srcset=\"https:\/\/topmegaline.pl\/wp-content\/uploads\/2024\/05\/oil-5-reklama.jpg 946w, https:\/\/topmegaline.pl\/wp-content\/uploads\/2024\/05\/oil-5-reklama-300x300.jpg 300w, https:\/\/topmegaline.pl\/wp-content\/uploads\/2024\/05\/oil-5-reklama-150x150.jpg 150w, https:\/\/topmegaline.pl\/wp-content\/uploads\/2024\/05\/oil-5-reklama-768x768.jpg 768w, https:\/\/topmegaline.pl\/wp-content\/uploads\/2024\/05\/oil-5-reklama-100x100.jpg 100w\" sizes=\"auto, (max-width: 767px) 89vw, (max-width: 1000px) 54vw, (max-width: 1071px) 543px, 580px\" \/><\/a><\/figure>\n<\/div>\n<\/div>\n\n\n\n<div class=\"wp-block-columns is-layout-flex wp-container-core-columns-is-layout-9d6595d7 wp-block-columns-is-layout-flex\">\n<div class=\"wp-block-column is-layout-flow wp-block-column-is-layout-flow\">\n<div class=\"wp-block-columns is-layout-flex wp-container-core-columns-is-layout-9d6595d7 wp-block-columns-is-layout-flex\">\n<div class=\"wp-block-column is-layout-flow wp-block-column-is-layout-flow\">\n<figure class=\"wp-block-image size-full is-style-rounded\"><a href=\"https:\/\/topmegaline.pl\/wp-content\/uploads\/2022\/06\/ods-opis1.jpg\"><img loading=\"lazy\" decoding=\"async\" width=\"947\" height=\"947\" src=\"https:\/\/topmegaline.pl\/wp-content\/uploads\/2022\/06\/ods-reklama1.jpg\" alt=\"\" class=\"wp-image-248\" srcset=\"https:\/\/topmegaline.pl\/wp-content\/uploads\/2022\/06\/ods-reklama1.jpg 947w, https:\/\/topmegaline.pl\/wp-content\/uploads\/2022\/06\/ods-reklama1-300x300.jpg 300w, https:\/\/topmegaline.pl\/wp-content\/uploads\/2022\/06\/ods-reklama1-150x150.jpg 150w, https:\/\/topmegaline.pl\/wp-content\/uploads\/2022\/06\/ods-reklama1-768x768.jpg 768w, https:\/\/topmegaline.pl\/wp-content\/uploads\/2022\/06\/ods-reklama1-100x100.jpg 100w\" sizes=\"auto, (max-width: 767px) 89vw, (max-width: 1000px) 54vw, (max-width: 1071px) 543px, 580px\" \/><\/a><\/figure>\n<\/div>\n\n\n\n<div class=\"wp-block-column is-layout-flow wp-block-column-is-layout-flow\">\n<figure class=\"wp-block-image size-full is-style-rounded\"><a href=\"https:\/\/topmegaline.pl\/wp-content\/uploads\/2022\/06\/ods-opis2.jpg\"><img loading=\"lazy\" decoding=\"async\" width=\"947\" height=\"947\" src=\"https:\/\/topmegaline.pl\/wp-content\/uploads\/2022\/06\/ods-reklama2.jpg\" alt=\"\" class=\"wp-image-250\" srcset=\"https:\/\/topmegaline.pl\/wp-content\/uploads\/2022\/06\/ods-reklama2.jpg 947w, https:\/\/topmegaline.pl\/wp-content\/uploads\/2022\/06\/ods-reklama2-300x300.jpg 300w, https:\/\/topmegaline.pl\/wp-content\/uploads\/2022\/06\/ods-reklama2-150x150.jpg 150w, https:\/\/topmegaline.pl\/wp-content\/uploads\/2022\/06\/ods-reklama2-768x768.jpg 768w, https:\/\/topmegaline.pl\/wp-content\/uploads\/2022\/06\/ods-reklama2-100x100.jpg 100w\" sizes=\"auto, (max-width: 767px) 89vw, (max-width: 1000px) 54vw, (max-width: 1071px) 543px, 580px\" \/><\/a><\/figure>\n<\/div>\n<\/div>\n<\/div>\n<\/div>\n\n\n\n<div class=\"wp-block-columns is-layout-flex wp-container-core-columns-is-layout-9d6595d7 wp-block-columns-is-layout-flex\">\n<div class=\"wp-block-column is-layout-flow wp-block-column-is-layout-flow\">\n<figure class=\"wp-block-image size-full is-style-rounded\"><a href=\"https:\/\/topmegaline.pl\/wp-content\/uploads\/2024\/03\/GREEN-opis.jpg\"><img decoding=\"async\" src=\"https:\/\/topmegaline.pl\/wp-content\/uploads\/2024\/03\/GREEN-reklama.jpg\" alt=\"\" class=\"wp-image-248\"\/><\/a><\/figure>\n<\/div>\n\n\n\n<div class=\"wp-block-column is-layout-flow wp-block-column-is-layout-flow\">\n<figure class=\"wp-block-image size-full is-style-rounded\"><a href=\"https:\/\/topmegaline.pl\/wp-content\/uploads\/2024\/03\/DISH-opis.jpg\"><img decoding=\"async\" src=\"https:\/\/topmegaline.pl\/wp-content\/uploads\/2024\/03\/DISH-reklama.jpg\" alt=\"\" class=\"wp-image-250\"\/><\/a><\/figure>\n<\/div>\n<\/div>\n","protected":false},"excerpt":{"rendered":"","protected":false},"author":1,"featured_media":0,"parent":0,"menu_order":0,"comment_status":"closed","ping_status":"closed","template":"","meta":{"footnotes":""},"class_list":["post-319","page","type-page","status-publish","hentry"],"yoast_head":"<!-- This site is optimized with the Yoast SEO plugin v24.8.1 - https:\/\/yoast.com\/wordpress\/plugins\/seo\/ -->\n<title>Nasze produkty - Top mega line<\/title>\n<meta name=\"robots\" content=\"index, follow, max-snippet:-1, max-image-preview:large, max-video-preview:-1\" \/>\n<link rel=\"canonical\" href=\"https:\/\/topmegaline.pl\/index.php\/nasze-produkty\/\" \/>\n<meta property=\"og:locale\" content=\"pl_PL\" \/>\n<meta property=\"og:type\" content=\"article\" \/>\n<meta property=\"og:title\" content=\"Nasze produkty - Top mega line\" \/>\n<meta property=\"og:url\" content=\"https:\/\/topmegaline.pl\/index.php\/nasze-produkty\/\" \/>\n<meta property=\"og:site_name\" content=\"Top mega line\" \/>\n<meta property=\"article:modified_time\" content=\"2024-05-28T11:34:52+00:00\" \/>\n<meta property=\"og:image\" content=\"https:\/\/topmegaline.pl\/wp-content\/uploads\/2022\/06\/floor-reklama1.jpg\" \/>\n<meta name=\"twitter:card\" content=\"summary_large_image\" \/>\n<meta name=\"twitter:label1\" content=\"Szacowany czas czytania\" \/>\n\t<meta name=\"twitter:data1\" content=\"3 minuty\" \/>\n<script type=\"application\/ld+json\" class=\"yoast-schema-graph\">{\"@context\":\"https:\/\/schema.org\",\"@graph\":[{\"@type\":\"WebPage\",\"@id\":\"https:\/\/topmegaline.pl\/index.php\/nasze-produkty\/\",\"url\":\"https:\/\/topmegaline.pl\/index.php\/nasze-produkty\/\",\"name\":\"Nasze produkty - Top mega line\",\"isPartOf\":{\"@id\":\"https:\/\/topmegaline.pl\/#website\"},\"primaryImageOfPage\":{\"@id\":\"https:\/\/topmegaline.pl\/index.php\/nasze-produkty\/#primaryimage\"},\"image\":{\"@id\":\"https:\/\/topmegaline.pl\/index.php\/nasze-produkty\/#primaryimage\"},\"thumbnailUrl\":\"https:\/\/topmegaline.pl\/wp-content\/uploads\/2022\/06\/floor-reklama1.jpg\",\"datePublished\":\"2022-06-23T10:06:04+00:00\",\"dateModified\":\"2024-05-28T11:34:52+00:00\",\"breadcrumb\":{\"@id\":\"https:\/\/topmegaline.pl\/index.php\/nasze-produkty\/#breadcrumb\"},\"inLanguage\":\"pl-PL\",\"potentialAction\":[{\"@type\":\"ReadAction\",\"target\":[\"https:\/\/topmegaline.pl\/index.php\/nasze-produkty\/\"]}]},{\"@type\":\"ImageObject\",\"inLanguage\":\"pl-PL\",\"@id\":\"https:\/\/topmegaline.pl\/index.php\/nasze-produkty\/#primaryimage\",\"url\":\"https:\/\/topmegaline.pl\/wp-content\/uploads\/2022\/06\/floor-reklama1.jpg\",\"contentUrl\":\"https:\/\/topmegaline.pl\/wp-content\/uploads\/2022\/06\/floor-reklama1.jpg\",\"width\":947,\"height\":947},{\"@type\":\"BreadcrumbList\",\"@id\":\"https:\/\/topmegaline.pl\/index.php\/nasze-produkty\/#breadcrumb\",\"itemListElement\":[{\"@type\":\"ListItem\",\"position\":1,\"name\":\"Strona g\u0142\u00f3wna\",\"item\":\"https:\/\/topmegaline.pl\/\"},{\"@type\":\"ListItem\",\"position\":2,\"name\":\"Nasze produkty\"}]},{\"@type\":\"WebSite\",\"@id\":\"https:\/\/topmegaline.pl\/#website\",\"url\":\"https:\/\/topmegaline.pl\/\",\"name\":\"Top mega line\",\"description\":\"Nowy styl i lepsza jako\u015b\u0107 sprz\u0105tania!\",\"publisher\":{\"@id\":\"https:\/\/topmegaline.pl\/#organization\"},\"potentialAction\":[{\"@type\":\"SearchAction\",\"target\":{\"@type\":\"EntryPoint\",\"urlTemplate\":\"https:\/\/topmegaline.pl\/?s={search_term_string}\"},\"query-input\":{\"@type\":\"PropertyValueSpecification\",\"valueRequired\":true,\"valueName\":\"search_term_string\"}}],\"inLanguage\":\"pl-PL\"},{\"@type\":\"Organization\",\"@id\":\"https:\/\/topmegaline.pl\/#organization\",\"name\":\"Top mega line\",\"url\":\"https:\/\/topmegaline.pl\/\",\"logo\":{\"@type\":\"ImageObject\",\"inLanguage\":\"pl-PL\",\"@id\":\"https:\/\/topmegaline.pl\/#\/schema\/logo\/image\/\",\"url\":\"https:\/\/topmegaline.pl\/wp-content\/uploads\/2022\/06\/cropped-logo6.png\",\"contentUrl\":\"https:\/\/topmegaline.pl\/wp-content\/uploads\/2022\/06\/cropped-logo6.png\",\"width\":250,\"height\":250,\"caption\":\"Top mega line\"},\"image\":{\"@id\":\"https:\/\/topmegaline.pl\/#\/schema\/logo\/image\/\"}}]}<\/script>\n<!-- \/ Yoast SEO plugin. -->","yoast_head_json":{"title":"Nasze produkty - Top mega line","robots":{"index":"index","follow":"follow","max-snippet":"max-snippet:-1","max-image-preview":"max-image-preview:large","max-video-preview":"max-video-preview:-1"},"canonical":"https:\/\/topmegaline.pl\/index.php\/nasze-produkty\/","og_locale":"pl_PL","og_type":"article","og_title":"Nasze produkty - Top mega line","og_url":"https:\/\/topmegaline.pl\/index.php\/nasze-produkty\/","og_site_name":"Top mega line","article_modified_time":"2024-05-28T11:34:52+00:00","og_image":[{"url":"https:\/\/topmegaline.pl\/wp-content\/uploads\/2022\/06\/floor-reklama1.jpg","type":"","width":"","height":""}],"twitter_card":"summary_large_image","twitter_misc":{"Szacowany czas czytania":"3 minuty"},"schema":{"@context":"https:\/\/schema.org","@graph":[{"@type":"WebPage","@id":"https:\/\/topmegaline.pl\/index.php\/nasze-produkty\/","url":"https:\/\/topmegaline.pl\/index.php\/nasze-produkty\/","name":"Nasze produkty - Top mega line","isPartOf":{"@id":"https:\/\/topmegaline.pl\/#website"},"primaryImageOfPage":{"@id":"https:\/\/topmegaline.pl\/index.php\/nasze-produkty\/#primaryimage"},"image":{"@id":"https:\/\/topmegaline.pl\/index.php\/nasze-produkty\/#primaryimage"},"thumbnailUrl":"https:\/\/topmegaline.pl\/wp-content\/uploads\/2022\/06\/floor-reklama1.jpg","datePublished":"2022-06-23T10:06:04+00:00","dateModified":"2024-05-28T11:34:52+00:00","breadcrumb":{"@id":"https:\/\/topmegaline.pl\/index.php\/nasze-produkty\/#breadcrumb"},"inLanguage":"pl-PL","potentialAction":[{"@type":"ReadAction","target":["https:\/\/topmegaline.pl\/index.php\/nasze-produkty\/"]}]},{"@type":"ImageObject","inLanguage":"pl-PL","@id":"https:\/\/topmegaline.pl\/index.php\/nasze-produkty\/#primaryimage","url":"https:\/\/topmegaline.pl\/wp-content\/uploads\/2022\/06\/floor-reklama1.jpg","contentUrl":"https:\/\/topmegaline.pl\/wp-content\/uploads\/2022\/06\/floor-reklama1.jpg","width":947,"height":947},{"@type":"BreadcrumbList","@id":"https:\/\/topmegaline.pl\/index.php\/nasze-produkty\/#breadcrumb","itemListElement":[{"@type":"ListItem","position":1,"name":"Strona g\u0142\u00f3wna","item":"https:\/\/topmegaline.pl\/"},{"@type":"ListItem","position":2,"name":"Nasze produkty"}]},{"@type":"WebSite","@id":"https:\/\/topmegaline.pl\/#website","url":"https:\/\/topmegaline.pl\/","name":"Top mega line","description":"Nowy styl i lepsza jako\u015b\u0107 sprz\u0105tania!","publisher":{"@id":"https:\/\/topmegaline.pl\/#organization"},"potentialAction":[{"@type":"SearchAction","target":{"@type":"EntryPoint","urlTemplate":"https:\/\/topmegaline.pl\/?s={search_term_string}"},"query-input":{"@type":"PropertyValueSpecification","valueRequired":true,"valueName":"search_term_string"}}],"inLanguage":"pl-PL"},{"@type":"Organization","@id":"https:\/\/topmegaline.pl\/#organization","name":"Top mega line","url":"https:\/\/topmegaline.pl\/","logo":{"@type":"ImageObject","inLanguage":"pl-PL","@id":"https:\/\/topmegaline.pl\/#\/schema\/logo\/image\/","url":"https:\/\/topmegaline.pl\/wp-content\/uploads\/2022\/06\/cropped-logo6.png","contentUrl":"https:\/\/topmegaline.pl\/wp-content\/uploads\/2022\/06\/cropped-logo6.png","width":250,"height":250,"caption":"Top mega line"},"image":{"@id":"https:\/\/topmegaline.pl\/#\/schema\/logo\/image\/"}}]}},"_links":{"self":[{"href":"https:\/\/topmegaline.pl\/index.php\/wp-json\/wp\/v2\/pages\/319","targetHints":{"allow":["GET"]}}],"collection":[{"href":"https:\/\/topmegaline.pl\/index.php\/wp-json\/wp\/v2\/pages"}],"about":[{"href":"https:\/\/topmegaline.pl\/index.php\/wp-json\/wp\/v2\/types\/page"}],"author":[{"embeddable":true,"href":"https:\/\/topmegaline.pl\/index.php\/wp-json\/wp\/v2\/users\/1"}],"replies":[{"embeddable":true,"href":"https:\/\/topmegaline.pl\/index.php\/wp-json\/wp\/v2\/comments?post=319"}],"version-history":[{"count":8,"href":"https:\/\/topmegaline.pl\/index.php\/wp-json\/wp\/v2\/pages\/319\/revisions"}],"predecessor-version":[{"id":423,"href":"https:\/\/topmegaline.pl\/index.php\/wp-json\/wp\/v2\/pages\/319\/revisions\/423"}],"wp:attachment":[{"href":"https:\/\/topmegaline.pl\/index.php\/wp-json\/wp\/v2\/media?parent=319"}],"curies":[{"name":"wp","href":"https:\/\/api.w.org\/{rel}","templated":true}]}}