{"id":263,"date":"2022-06-21T13:25:08","date_gmt":"2022-06-21T13:25:08","guid":{"rendered":"https:\/\/topmegaline.pl\/?page_id=263"},"modified":"2026-02-26T12:00:17","modified_gmt":"2026-02-26T12:00:17","slug":"do-pobrania","status":"publish","type":"page","link":"https:\/\/topmegaline.pl\/index.php\/do-pobrania\/","title":{"rendered":"Do pobrania"},"content":{"rendered":"\n<p><strong>Katalog<\/strong><\/p>\n\n\n\n<div class=\"wp-block-buttons is-layout-flex wp-block-buttons-is-layout-flex\">\n<div class=\"wp-block-button\"><a class=\"wp-block-button__link wp-element-button\" href=\"https:\/\/topmegaline.pl\/wp-content\/uploads\/2026\/02\/TOP-MEGA-LINE-katalog-2026.pdf\" target=\"_blank\" rel=\"noreferrer noopener\">Katalog 2026<\/a><\/div>\n<\/div>\n\n\n\n<div style=\"height:100px\" aria-hidden=\"true\" class=\"wp-block-spacer\"><\/div>\n\n\n\n<p><strong>Karty charakterystyki<\/strong><\/p>\n\n\n\n<div class=\"wp-block-buttons is-content-justification-center is-layout-flex wp-container-core-buttons-is-layout-16018d1d wp-block-buttons-is-layout-flex\">\n<div class=\"wp-block-button\"><a class=\"wp-block-button__link wp-element-button\" href=\"https:\/\/topmegaline.pl\/wp-content\/uploads\/2022\/06\/Karta-charakterystyki-MEGA-FLOOR.pdf\" target=\"_blank\" rel=\"noreferrer noopener\">MEGA Floor<\/a><\/div>\n\n\n\n<div class=\"wp-block-button\"><a class=\"wp-block-button__link wp-element-button\" href=\"https:\/\/topmegaline.pl\/wp-content\/uploads\/2022\/06\/Karta-charakterystyki-MEGA-CLEAN.pdf\" target=\"_blank\" rel=\"noreferrer noopener\">MEGA Clean<\/a><\/div>\n\n\n\n<div class=\"wp-block-button\"><a class=\"wp-block-button__link wp-element-button\" href=\"https:\/\/topmegaline.pl\/wp-content\/uploads\/2022\/06\/Karta-charakterystyki-MEGA-SANI.pdf\" target=\"_blank\" rel=\"noreferrer noopener\">MEGA Sani <\/a><\/div>\n\n\n\n<div class=\"wp-block-button\"><a class=\"wp-block-button__link wp-element-button\" href=\"https:\/\/topmegaline.pl\/wp-content\/uploads\/2022\/06\/Karta-charakterystyki-MEGA-GLASS.pdf\" target=\"_blank\" rel=\"noreferrer noopener\">MEGA  Glass<\/a><\/div>\n\n\n\n<div class=\"wp-block-button\"><a class=\"wp-block-button__link wp-element-button\" href=\"https:\/\/topmegaline.pl\/wp-content\/uploads\/2022\/06\/Karta-charakterystyki-MEGA-OIL.pdf\" target=\"_blank\" rel=\"noreferrer noopener\"> MEGA OIL<\/a><\/div>\n\n\n\n<div class=\"wp-block-button\"><a class=\"wp-block-button__link wp-element-button\" href=\"https:\/\/topmegaline.pl\/wp-content\/uploads\/2022\/06\/Karta-charakterystyki-MEGA-ORIENT.pdf\" target=\"_blank\" rel=\"noreferrer noopener\">MEGA Orient<\/a><\/div>\n\n\n\n<div class=\"wp-block-button\"><a class=\"wp-block-button__link wp-element-button\" href=\"https:\/\/topmegaline.pl\/wp-content\/uploads\/2022\/06\/Karta-charakterystyki-MEGA-TEA.pdf\" target=\"_blank\" rel=\"noreferrer noopener\">MEGA Tea<\/a><\/div>\n\n\n\n<div class=\"wp-block-button\"><a class=\"wp-block-button__link wp-element-button\" href=\"https:\/\/topmegaline.pl\/wp-content\/uploads\/2022\/06\/Karta-charakterystyki-MEGA-SCENT.pdf\" target=\"_blank\" rel=\"noreferrer noopener\">MEGA Scent<\/a><\/div>\n\n\n\n<div class=\"wp-block-button\"><a class=\"wp-block-button__link wp-element-button\" href=\"https:\/\/topmegaline.pl\/wp-content\/uploads\/2022\/06\/Karta-charakterystyki-MEGA-CHERRY.pdf\" target=\"_blank\" rel=\"noreferrer noopener\">MEGA Cherry <\/a><\/div>\n\n\n\n<div class=\"wp-block-button\"><a class=\"wp-block-button__link wp-element-button\" href=\"https:\/\/topmegaline.pl\/wp-content\/uploads\/2022\/06\/Karta-charakterystyki-MEGA-LIME.pdf\" target=\"_blank\" rel=\"noreferrer noopener\">MEGA Lime <\/a><\/div>\n\n\n\n<div class=\"wp-block-button\"><a class=\"wp-block-button__link wp-element-button\" href=\"https:\/\/topmegaline.pl\/wp-content\/uploads\/2022\/06\/Karta-charakterystyki-MEGA-GRAPE.pdf\" target=\"_blank\" rel=\"noreferrer noopener\">MEGA Grape<\/a><\/div>\n\n\n\n<div class=\"wp-block-button\"><a class=\"wp-block-button__link wp-element-button\" href=\"https:\/\/topmegaline.pl\/wp-content\/uploads\/2024\/03\/GREEN-Banana.pdf\" target=\"_blank\" rel=\"noreferrer noopener\">GREEN Banana<\/a><\/div>\n\n\n\n<div class=\"wp-block-button\"><a class=\"wp-block-button__link wp-element-button\" href=\"https:\/\/topmegaline.pl\/wp-content\/uploads\/2024\/03\/DISH-Grapefruit.pdf\" target=\"_blank\" rel=\"noreferrer noopener\">DISH Grapefruit<\/a><\/div>\n\n\n\n<div class=\"wp-block-button\"><a class=\"wp-block-button__link wp-element-button\" href=\"https:\/\/topmegaline.pl\/wp-content\/uploads\/2024\/06\/Karta-charakterystyki-MEGA-Robot-citro.pdf\" target=\"_blank\" rel=\"noreferrer noopener\">MEGA Robot<\/a><\/div>\n<\/div>\n\n\n\n<p><\/p>\n","protected":false},"excerpt":{"rendered":"<p>Katalog Karty charakterystyki<\/p>\n","protected":false},"author":1,"featured_media":0,"parent":0,"menu_order":0,"comment_status":"closed","ping_status":"closed","template":"","meta":{"footnotes":""},"class_list":["post-263","page","type-page","status-publish","hentry"],"yoast_head":"<!-- This site is optimized with the Yoast SEO plugin v24.8.1 - https:\/\/yoast.com\/wordpress\/plugins\/seo\/ -->\n<title>Do pobrania - Top mega line<\/title>\n<meta name=\"robots\" content=\"index, follow, max-snippet:-1, max-image-preview:large, max-video-preview:-1\" \/>\n<link rel=\"canonical\" href=\"https:\/\/topmegaline.pl\/index.php\/do-pobrania\/\" \/>\n<meta property=\"og:locale\" content=\"pl_PL\" \/>\n<meta property=\"og:type\" content=\"article\" \/>\n<meta property=\"og:title\" content=\"Do pobrania - Top mega line\" \/>\n<meta property=\"og:description\" content=\"Katalog Karty charakterystyki\" \/>\n<meta property=\"og:url\" content=\"https:\/\/topmegaline.pl\/index.php\/do-pobrania\/\" \/>\n<meta property=\"og:site_name\" content=\"Top mega line\" \/>\n<meta property=\"article:modified_time\" content=\"2026-02-26T12:00:17+00:00\" \/>\n<meta name=\"twitter:card\" content=\"summary_large_image\" \/>\n<meta name=\"twitter:label1\" content=\"Szacowany czas czytania\" \/>\n\t<meta name=\"twitter:data1\" content=\"1 minuta\" \/>\n<script type=\"application\/ld+json\" class=\"yoast-schema-graph\">{\"@context\":\"https:\/\/schema.org\",\"@graph\":[{\"@type\":\"WebPage\",\"@id\":\"https:\/\/topmegaline.pl\/index.php\/do-pobrania\/\",\"url\":\"https:\/\/topmegaline.pl\/index.php\/do-pobrania\/\",\"name\":\"Do pobrania - Top mega line\",\"isPartOf\":{\"@id\":\"https:\/\/topmegaline.pl\/#website\"},\"datePublished\":\"2022-06-21T13:25:08+00:00\",\"dateModified\":\"2026-02-26T12:00:17+00:00\",\"breadcrumb\":{\"@id\":\"https:\/\/topmegaline.pl\/index.php\/do-pobrania\/#breadcrumb\"},\"inLanguage\":\"pl-PL\",\"potentialAction\":[{\"@type\":\"ReadAction\",\"target\":[\"https:\/\/topmegaline.pl\/index.php\/do-pobrania\/\"]}]},{\"@type\":\"BreadcrumbList\",\"@id\":\"https:\/\/topmegaline.pl\/index.php\/do-pobrania\/#breadcrumb\",\"itemListElement\":[{\"@type\":\"ListItem\",\"position\":1,\"name\":\"Strona g\u0142\u00f3wna\",\"item\":\"https:\/\/topmegaline.pl\/\"},{\"@type\":\"ListItem\",\"position\":2,\"name\":\"Do pobrania\"}]},{\"@type\":\"WebSite\",\"@id\":\"https:\/\/topmegaline.pl\/#website\",\"url\":\"https:\/\/topmegaline.pl\/\",\"name\":\"Top mega line\",\"description\":\"Nowy styl i lepsza jako\u015b\u0107 sprz\u0105tania!\",\"publisher\":{\"@id\":\"https:\/\/topmegaline.pl\/#organization\"},\"potentialAction\":[{\"@type\":\"SearchAction\",\"target\":{\"@type\":\"EntryPoint\",\"urlTemplate\":\"https:\/\/topmegaline.pl\/?s={search_term_string}\"},\"query-input\":{\"@type\":\"PropertyValueSpecification\",\"valueRequired\":true,\"valueName\":\"search_term_string\"}}],\"inLanguage\":\"pl-PL\"},{\"@type\":\"Organization\",\"@id\":\"https:\/\/topmegaline.pl\/#organization\",\"name\":\"Top mega line\",\"url\":\"https:\/\/topmegaline.pl\/\",\"logo\":{\"@type\":\"ImageObject\",\"inLanguage\":\"pl-PL\",\"@id\":\"https:\/\/topmegaline.pl\/#\/schema\/logo\/image\/\",\"url\":\"https:\/\/topmegaline.pl\/wp-content\/uploads\/2022\/06\/cropped-logo6.png\",\"contentUrl\":\"https:\/\/topmegaline.pl\/wp-content\/uploads\/2022\/06\/cropped-logo6.png\",\"width\":250,\"height\":250,\"caption\":\"Top mega line\"},\"image\":{\"@id\":\"https:\/\/topmegaline.pl\/#\/schema\/logo\/image\/\"}}]}<\/script>\n<!-- \/ Yoast SEO plugin. -->","yoast_head_json":{"title":"Do pobrania - Top mega line","robots":{"index":"index","follow":"follow","max-snippet":"max-snippet:-1","max-image-preview":"max-image-preview:large","max-video-preview":"max-video-preview:-1"},"canonical":"https:\/\/topmegaline.pl\/index.php\/do-pobrania\/","og_locale":"pl_PL","og_type":"article","og_title":"Do pobrania - Top mega line","og_description":"Katalog Karty charakterystyki","og_url":"https:\/\/topmegaline.pl\/index.php\/do-pobrania\/","og_site_name":"Top mega line","article_modified_time":"2026-02-26T12:00:17+00:00","twitter_card":"summary_large_image","twitter_misc":{"Szacowany czas czytania":"1 minuta"},"schema":{"@context":"https:\/\/schema.org","@graph":[{"@type":"WebPage","@id":"https:\/\/topmegaline.pl\/index.php\/do-pobrania\/","url":"https:\/\/topmegaline.pl\/index.php\/do-pobrania\/","name":"Do pobrania - Top mega line","isPartOf":{"@id":"https:\/\/topmegaline.pl\/#website"},"datePublished":"2022-06-21T13:25:08+00:00","dateModified":"2026-02-26T12:00:17+00:00","breadcrumb":{"@id":"https:\/\/topmegaline.pl\/index.php\/do-pobrania\/#breadcrumb"},"inLanguage":"pl-PL","potentialAction":[{"@type":"ReadAction","target":["https:\/\/topmegaline.pl\/index.php\/do-pobrania\/"]}]},{"@type":"BreadcrumbList","@id":"https:\/\/topmegaline.pl\/index.php\/do-pobrania\/#breadcrumb","itemListElement":[{"@type":"ListItem","position":1,"name":"Strona g\u0142\u00f3wna","item":"https:\/\/topmegaline.pl\/"},{"@type":"ListItem","position":2,"name":"Do pobrania"}]},{"@type":"WebSite","@id":"https:\/\/topmegaline.pl\/#website","url":"https:\/\/topmegaline.pl\/","name":"Top mega line","description":"Nowy styl i lepsza jako\u015b\u0107 sprz\u0105tania!","publisher":{"@id":"https:\/\/topmegaline.pl\/#organization"},"potentialAction":[{"@type":"SearchAction","target":{"@type":"EntryPoint","urlTemplate":"https:\/\/topmegaline.pl\/?s={search_term_string}"},"query-input":{"@type":"PropertyValueSpecification","valueRequired":true,"valueName":"search_term_string"}}],"inLanguage":"pl-PL"},{"@type":"Organization","@id":"https:\/\/topmegaline.pl\/#organization","name":"Top mega line","url":"https:\/\/topmegaline.pl\/","logo":{"@type":"ImageObject","inLanguage":"pl-PL","@id":"https:\/\/topmegaline.pl\/#\/schema\/logo\/image\/","url":"https:\/\/topmegaline.pl\/wp-content\/uploads\/2022\/06\/cropped-logo6.png","contentUrl":"https:\/\/topmegaline.pl\/wp-content\/uploads\/2022\/06\/cropped-logo6.png","width":250,"height":250,"caption":"Top mega line"},"image":{"@id":"https:\/\/topmegaline.pl\/#\/schema\/logo\/image\/"}}]}},"_links":{"self":[{"href":"https:\/\/topmegaline.pl\/index.php\/wp-json\/wp\/v2\/pages\/263","targetHints":{"allow":["GET"]}}],"collection":[{"href":"https:\/\/topmegaline.pl\/index.php\/wp-json\/wp\/v2\/pages"}],"about":[{"href":"https:\/\/topmegaline.pl\/index.php\/wp-json\/wp\/v2\/types\/page"}],"author":[{"embeddable":true,"href":"https:\/\/topmegaline.pl\/index.php\/wp-json\/wp\/v2\/users\/1"}],"replies":[{"embeddable":true,"href":"https:\/\/topmegaline.pl\/index.php\/wp-json\/wp\/v2\/comments?post=263"}],"version-history":[{"count":15,"href":"https:\/\/topmegaline.pl\/index.php\/wp-json\/wp\/v2\/pages\/263\/revisions"}],"predecessor-version":[{"id":442,"href":"https:\/\/topmegaline.pl\/index.php\/wp-json\/wp\/v2\/pages\/263\/revisions\/442"}],"wp:attachment":[{"href":"https:\/\/topmegaline.pl\/index.php\/wp-json\/wp\/v2\/media?parent=263"}],"curies":[{"name":"wp","href":"https:\/\/api.w.org\/{rel}","templated":true}]}}